{"id":22502,"date":"2024-11-04T13:52:11","date_gmt":"2024-11-04T11:52:11","guid":{"rendered":"https:\/\/iverwind.com\/spare-parts\/?post_type=product&#038;p=22502"},"modified":"2025-10-20T10:36:49","modified_gmt":"2025-10-20T08:36:49","slug":"contactor-magnetico-siemens-sirius-3rt1015-1bb41","status":"publish","type":"product","link":"https:\/\/iverwind.com\/spare-parts\/es\/producto\/contactor-magnetico-siemens-sirius-3rt1015-1bb41\/","title":{"rendered":"CONTACTOR MAGN\u00c9TICO SIEMENS SIRIUS 3RT1015-1BB41"},"content":{"rendered":"<p><span style=\"color: #416973;\">Contactor magn\u00e9tico Siemens Sirius 3RT1015-1BB41 con circuito corto 5kA<\/span><\/p>\n<p><span style=\"color: #808080;\"><strong>Fabricante:<\/strong> Siemens<\/span><\/p>\n<p><span style=\"color: #808080;\"><strong> Producto:<\/strong> Sirius<\/span><\/p>\n<p><span style=\"color: #808080;\"><strong>N\u00ba:<\/strong> 3RT1015-1BB41<\/span><\/p>\n<p><span style=\"color: #808080;\"><strong>SKU:<\/strong> P001182<\/span><\/p>\n<p><span style=\"color: #808080;\"><strong>Potencia aerogenerador:<\/strong> 4kW<\/span><\/p>\n<p><span style=\"color: #808080;\"><strong>Caracter\u00eds<span style=\"color: #808080;\">ticas T\u00e9cnicas:<\/span><\/strong> 24 VAC , 690V<\/span><\/p>\n<p>&nbsp;<\/p>\n<ul>\n<li><span style=\"color: #808080;\">Ubicaci\u00f3n: Holanda\/Espa\u00f1a<\/span><\/li>\n<li><span style=\"color: #808080;\">Estado: Usado<\/span><\/li>\n<\/ul>\n","protected":false},"excerpt":{"rendered":"<p>Contactor magn\u00e9tico Siemens Sirius 3RT1015-1BB41 con circuito corto 5kA Fabricante: Siemens Producto: Sirius N\u00ba: 3RT1015-1BB41 SKU: P001182 Potencia aerogenerador: 4kW Caracter\u00edsticas T\u00e9cnicas: 24 VAC , 690V &nbsp; Ubicaci\u00f3n: Holanda\/Espa\u00f1a Estado: Usado<\/p>\n","protected":false},"featured_media":26123,"comment_status":"open","ping_status":"closed","template":"","meta":{"_et_pb_use_builder":"","_et_pb_old_content":"","_et_gb_content_width":""},"product_brand":[],"product_cat":[7904,8699,9248,6231],"product_tag":[],"class_list":{"0":"post-22502","1":"product","2":"type-product","3":"status-publish","4":"has-post-thumbnail","6":"product_cat-componentes-electricos-es","7":"product_cat-contactores","8":"product_cat-siemens-spanish","9":"product_cat-usado","11":"first","12":"instock","13":"shipping-taxable","14":"product-type-simple"},"_links":{"self":[{"href":"https:\/\/iverwind.com\/spare-parts\/wp-json\/wp\/v2\/product\/22502","targetHints":{"allow":["GET"]}}],"collection":[{"href":"https:\/\/iverwind.com\/spare-parts\/wp-json\/wp\/v2\/product"}],"about":[{"href":"https:\/\/iverwind.com\/spare-parts\/wp-json\/wp\/v2\/types\/product"}],"replies":[{"embeddable":true,"href":"https:\/\/iverwind.com\/spare-parts\/wp-json\/wp\/v2\/comments?post=22502"}],"wp:featuredmedia":[{"embeddable":true,"href":"https:\/\/iverwind.com\/spare-parts\/wp-json\/wp\/v2\/media\/26123"}],"wp:attachment":[{"href":"https:\/\/iverwind.com\/spare-parts\/wp-json\/wp\/v2\/media?parent=22502"}],"wp:term":[{"taxonomy":"product_brand","embeddable":true,"href":"https:\/\/iverwind.com\/spare-parts\/wp-json\/wp\/v2\/product_brand?post=22502"},{"taxonomy":"product_cat","embeddable":true,"href":"https:\/\/iverwind.com\/spare-parts\/wp-json\/wp\/v2\/product_cat?post=22502"},{"taxonomy":"product_tag","embeddable":true,"href":"https:\/\/iverwind.com\/spare-parts\/wp-json\/wp\/v2\/product_tag?post=22502"}],"curies":[{"name":"wp","href":"https:\/\/api.w.org\/{rel}","templated":true}]}}